s 970 + 3?
973
In base 5, what is -403 - -20?
-333
In base 10, what is 474 - -4?
478
In base 10, what is 4 - 206?
-202
In base 12, what is 0 - 164?
-164
In base 13, what is 59 + -5?
54
In base 14, what is 1 - -1d7d?
1d80
In base 16, what is -14 + -e?
-22
In base 5, what is 2 + -223?
-221
In base 10, what is 51664 + 0?
51664
In base 16, what is -3c1 - -4?
-3bd
In base 4, what is -10130 - 10?
-10200
In base 13, what is 3 - -3a?
40
In base 14, what is 2 + -1a0?
-19c
In base 9, what is -65 + 12?
-53
In base 3, what is -201 - 12?
-220
In base 10, what is 4 - -421?
425
In base 5, what is 12 - 240?
-223
In base 12, what is -5437 + 4?
-5433
In base 4, what is 22 + 221020?
221102
In base 8, what is -4 + 22?
16
In base 15, what is 0 - -16d?
16d
In base 10, what is 86 + 19?
105
In base 5, what is -11120 - -20?
-11100
In base 12, what is 1 + -713?
-712
In base 10, what is 81 - 20?
61
In base 14, what is -819 + 2?
-817
In base 6, what is 5 + 2312?
2321
In base 14, what is 18 - 0?
18
In base 6, what is 4341 + -1?
4340
In base 14, what is -d50 + 2?
-d4c
In base 12, what is -1 + 662?
661
In base 6, what is -105 + 5?
-100
In base 4, what is -1 - -1022012?
1022011
In base 2, what is 10111 + -1110100?
-1011101
In base 7, what is 0 - -300?
300
In base 15, what is -2 + -1391?
-1393
In base 15, what is 1 - 135?
-134
In base 11, what is 972 + 3?
975
In base 6, what is 2 + 102?
104
In base 12, what is 5 + -a?
-5
In base 4, what is 203 + 30?
233
In base 15, what is 352 - 1?
351
In base 16, what is 2 + 18c?
18e
In base 16, what is 2 + 11dd?
11df
In base 10, what is 0 + -5?
-5
In base 12, what is -1 + 1275?
1274
In base 5, what is -3143 + 4?
-3134
In base 12, what is 369a + -2?
3698
In base 3, what is 100122 - -12?
100211
In base 14, what is -bd8 + 5?
-bd3
In base 16, what is -15cb - -2?
-15c9
In base 8, what is -5 - 1125?
-1132
In base 12, what is -27 + -11?
-38
In base 12, what is 2 - 163?
-161
In base 14, what is 3 + -5c?
-59
In base 3, what is 110220201 + -12?
110220112
In base 2, what is -100 + -1000010010?
-1000010110
In base 11, what is -353 + -2?
-355
In base 3, what is -112 + 120?
1
In base 15, what is -239 + 5?
-234
In base 16, what is 2 + 109e?
10a0
In base 11, what is -1758 - 2?
-175a
In base 9, what is 4 - -2120?
2124
In base 3, what is 20211 - -10?
20221
In base 5, what is -1302 - -1?
-1301
In base 7, what is -1535 - -5?
-1530
In base 9, what is 1853 - -10?
1863
In base 11, what is 2 + -6?
-4
In base 5, what is -2 - 204?
-211
In base 15, what is -9 - 2c?
-36
In base 10, what is 29 + 41?
70
In base 2, what is -1100 - -100000110011?
100000100111
In base 2, what is -1 + -101100010?
-101100011
In base 15, what is 68c - 4?
688
In base 4, what is -2 - -11013?
11011
In base 4, what is -311 - 3?
-320
In base 3, what is 202210 + -1?
202202
In base 15, what is -7 + -49?
-51
In base 6, what is 22 + -2445?
-2423
In base 15, what is -c + 81?
74
In base 6, what is 1 - 53?
-52
In base 8, what is 21 - -2?
23
In base 10, what is 39 + 14?
53
In base 13, what is -12 + 10b1?
109c
In base 7, what is -2262 + -3?
-2265
In base 8, what is 454 - 135?
317
In base 5, what is 4 - 241322?
-241313
In base 16, what is 0 - b?
-b
In base 5, what is 0 + 4?
4
In base 15, what is -4 + -ee?
-103
In base 10, what is 5 + -93?
-88
In base 14, what is 191 - -1?
192
In base 4, what is 203321 - 0?
203321
In base 5, what is -1 + -12231?
-12232
In base 9, what is -2 + 23?
21
In base 2, what is -10001 - -110?
-1011
In base 4, what is -202010 + -3?
-202013
In base 16, what is -2 - -11ce?
11cc
In base 5, what is -10042 - 2?
-10044
In base 5, what is 321 + 10?
331
In base 16, what is 17 + -1a?
-3
In base 13, what is -362 + -5?
-367
In base 2, what is -1101110111 - 10?
-1101111001
In base 13, what is -91 + 11?
-80
In base 12, what is 4 - 91?
-89
In base 14, what is -44 - d?
-53
In base 9, what is -511 + -1?
-512
In base 9, what is -1666 - 1?
-1667
In base 8, what is 23 - -1454?
1477
In base 6, what is -5 + 540?
531
In base 13, what is -b7 - 1?
-b8
In base 5, what is -1 - 233100?
-233101
In base 11, what is -1212 + -2?
-1214
In base 5, what is -10 - -130?
120
In base 16, what is -39 + -d?
-46
In base 2, what is 101 + 100011110110?
100011111011
In base 13, what is 17 - -221?
238
In base 3, what is -110 + -1110?
-1220
In base 8, what is 3514 - 6?
3506
In base 11, what is 1 + -84?
-83
In base 4, what is -10 + -1033?
-1103
In base 9, what is 0 + -1806?
-1806
In base 16, what is -85 - -5?
-80
In base 7, what is -3035 - -10?
-3025
In base 3, what is -202012122 + -12?
-202012211
In base 8, what is 3 + 121?
124
In base 14, what is 5 - 1?
4
In base 10, what is 15 + -517?
-502
In base 14, what is -5 - 2?
-7
In base 2, what is -1010 + -100111010?
-101000100
In base 2, what is 10010011 + 1010?
10011101
In base 5, what is -24102 + -10?
-24112
In base 12, what is 2 + -69?
-67
In base 8, what is 5 - 5?
0
In base 7, what is 3514 + 1?
3515
In base 16, what is 2b3b - 4?
2b37
In base 11, what is 1 - -2?
3
In base 11, what is -5 + -4a?
-54
In base 5, what is -1 - -32114?
32113
In base 4, what is 13 + -21130?
-21111
In base 5, what is 2 + 104343?
104400
In base 16, what is 1 - -632?
633
In base 14, what is 7 - a10?
-a07
In base 9, what is 34 + -230?
-185
In base 5, what is 3 - 121?
-113
In base 3, what is 1210 + -100?
1110
In base 15, what is -9 - -109?
100
In base 13, what is 127 + 6?
130
In base 7, what is -1265 + 23?
-1242
In base 10, what is -42 - -40?
-2
In base 14, what is -4 - 36?
-3a
In base 3, what is -22 + -22?
-121
In base 5, what is -4 + -242?
-301
In base 16, what is 9 - -e?
17
In base 4, what is 1113312 + 3?
1113321
In base 13, what is -4 - 2316?
-231a
In base 7, what is 5 - 1321?
-1313
In base 10, what is -123 + -1?
-124
In base 4, what is 1 - -111010?
111011
In base 3, what is -20 + 101101?
101011
In base 12, what is 0 - -50?
50
In base 7, what is -5 - -20443?
20435
In base 9, what is -681 - -70?
-611
In base 9, what is -45285 + 5?
-45280
In base 7, what is 4 + -11?
-4
In base 9, what is -4406 - 4?
-4411
In base 16, what is 3 - 27?
-24
In base 7, what is 10 + -220?
-210
In base 14, what is 6 + -c4?
-bc
In base 8, what is 11 + 417?
430
In base 12, what is 7 - -62?
69
In base 8, what is 1122 - 3?
1117
In base 9, what is 117 - 2?
115
In base 11, what is 2 + -133?
-131
In base 14, what is 20a - -4?
210
In base 4, what is 2 + -120?
-112
In base 15, what is -20e - 4?
-213
In base 2, what is -101 + -11011101111?
-11011110100
In base 8, what is 5 - 4121?
-4114
In base 7, what is 5 - -20?
25
In base 9, what is -2 + -58?
-61
In base 11, what is -262 + 2?
-260
In base 6, what is 2 + -1251?
-1245
In base 11, what is -2350 - 4?
-2354
In base 3, what is -1 + 101021?
101020
In base 15, what is 1 + 781?
782
In base 16, what is -6 - -a?
4
In base 13, what is 25 + a?
32
In base 15, what is -149 - -2?
-147
In base 9, what is 27 + 5?
33
In base 4, what is -30 - -331?
301
In base 14, what is -5 - 3b5?
-3ba
In base 4, what is 11110 + 0?
11110
In base 16, what is -6 - 2db?
-2e1
In base 2, what is 1 + 1001110?
1001111
In base 4, what is 2001323 + 2?
2001331
In base 15, what is 5 - 1e?
-19
In base 8, what is -70 + -5?
-75
In base 14, what is 1 + -aa5?
-aa4
In base 15, what is 4 - -b2b?
b30
In base 11, what is -5 - 141a?
-1424
In base 13, what is -69 + -6?
-72
In base 2, what is 11010 - 111?
10011
In base 16, what is -4 - 41?
-45
In base 7, what is 1 + 1142?
1143
In base 14, what is 4 + -a21?
-a1b
In base 15, what is -3 - -29?
26
In base 13, what is 2b8 + 4?
2bc
In base 14, what is -44ac + 5?
-44a7
In base 6, what is 2 + -12243?
-12241
In base 3, what is 20000100 - -1?
20000101
In base 6, what is 444 + -2?
442
In base 7, what is -5 - 2004?
-2012
In base 5, what is -1030 + 21?
-1004
In base 2, what is 10110 + -111010?
-100100
In base 10, what is 33 - -127?
160
In base 11, what is -955 - 5?
-95a
In base 5, what is -2 + 1433?
1431
In base 7, what is -66 + 5?
-61
In base 4, what is -1 + 0?
-1
In base 4, what is 13101300 + -2?
13101232
In base 4, what is 1001320 + 3?
1001323
In base 6, what is -4130 - 4?
-4134
In base 10, what is -5 - 692?
-697
In base 16, what is -5 - 4c?
-51
In base 12, what is 7 + 1aa?
1b5
In base 3, what is 11 - -212011?
212022
In base 14, what is c - -12?
20
In base 3, what is 10 - -10010220?
10011000
In base 6, wh